is divided by 527?
377
What is the remainder when 65149 is divided by 4909?
1332
Calculate the remainder when 166130 is divided by 6984.
5498
Calculate the remainder when 30462 is divided by 836.
366
What is the remainder when 3215880 is divided by 33?
30
Calculate the remainder when 598198656 is divided by 329.
328
Calculate the remainder when 30649887 is divided by 16.
15
What is the remainder when 904722 is divided by 14588?
266
What is the remainder when 4690839 is divided by 8719?
17
What is the remainder when 1984907 is divided by 151?
12
Calculate the remainder when 907379 is divided by 151218.
71
Calculate the remainder when 4208 is divided by 3816.
392
Calculate the remainder when 9202269 is divided by 112.
13
What is the remainder when 3033164 is divided by 14724?
20
Calculate the remainder when 687672 is divided by 7238.
62
What is the remainder when 168747 is divided by 9602?
5513
What is the remainder when 101663 is divided by 676?
263
What is the remainder when 11459721 is divided by 954973?
45
What is the remainder when 10197173 is divided by 88?
85
Calculate the remainder when 2484942 is divided by 1838.
1804
What is the remainder when 439185 is divided by 146378?
51
What is the remainder when 246579 is divided by 24633?
249
What is the remainder when 982492 is divided by 327494?
10
What is the remainder when 1175327 is divided by 1982?
1
Calculate the remainder when 23990 is divided by 2539.
1139
What is the remainder when 138641998 is divided by 2100?
2098
Calculate the remainder when 121012134 is divided by 2020.
2014
What is the remainder when 16293476 is divided by 45?
11
Calculate the remainder when 8379 is divided by 724.
415
What is the remainder when 272092 is divided by 39?
28
What is the remainder when 1105856 is divided by 122854?
170
Calculate the remainder when 2589287 is divided by 482.
465
Calculate the remainder when 784337 is divided by 2580.
17
What is the remainder when 6579992 is divided by 2193073?
773
What is the remainder when 28008109 is divided by 184?
181
Calculate the remainder when 46179576 is divided by 33757.
0
Calculate the remainder when 63153 is divided by 4509.
27
Calculate the remainder when 130623 is divided by 16277.
407
Calculate the remainder when 1215069 is divided by 1215061.
8
What is the remainder when 235658 is divided by 2265?
98
Calculate the remainder when 1171171493 is divided by 18.
17
What is the remainder when 31912 is divided by 970?
872
Calculate the remainder when 531667382 is divided by 376.
374
Calculate the remainder when 1177831 is divided by 196223.
493
Calculate the remainder when 41318 is divided by 40801.
517
What is the remainder when 135528 is divided by 1784?
1728
What is the remainder when 363459 is divided by 1925?
1559
Calculate the remainder when 95065 is divided by 9456.
505
What is the remainder when 2850403 is divided by 10180?
3
What is the remainder when 32338 is divided by 2483?
59
Calculate the remainder when 32407719 is divided by 26.
19
What is the remainder when 2317299 is divided by 165521?
5
What is the remainder when 83247 is divided by 3955?
192
Calculate the remainder when 3143194 is divided by 3281.
3277
Calculate the remainder when 54808 is divided by 594.
160
What is the remainder when 61678 is divided by 12041?
1473
Calculate the remainder when 23244091 is divided by 566928.
43
Calculate the remainder when 24894 is divided by 24608.
286
What is the remainder when 2260282 is divided by 452047?
47
Calculate the remainder when 1985472 is divided by 791.
62
What is the remainder when 848845 is divided by 53?
50
Calculate the remainder when 709931 is divided by 2558.
1365
What is the remainder when 647486 is divided by 26960?
446
What is the remainder when 6260554 is divided by 1565134?
18
What is the remainder when 3002495 is divided by 2239?
2235
What is the remainder when 46505269 is divided by 10?
9
Calculate the remainder when 2590503 is divided by 1909.
1899
What is the remainder when 2316180 is divided by 579041?
16
What is the remainder when 25927 is divided by 363?
154
What is the remainder when 6682886 is divided by 175?
161
Calculate the remainder when 3279777 is divided by 665.
662
What is the remainder when 3221913 is divided by 812?
709
Calculate the remainder when 212929716 is divided by 1329.
1323
What is the remainder when 378193898 is divided by 83?
82
Calculate the remainder when 1354467 is divided by 451464.
75
Calculate the remainder when 76737 is divided by 76617.
120
Calculate the remainder when 64508 is divided by 16086.
164
What is the remainder when 3665272 is divided by 6487?
117
Calculate the remainder when 736262 is divided by 125.
12
Calculate the remainder when 1176537 is divided by 6.
3
What is the remainder when 53590992 is divided by 4465912?
48
Calculate the remainder when 2612308 is divided by 11.
6
Calculate the remainder when 5241056 is divided by 5240918.
138
What is the remainder when 12830771 is divided by 5630?
1
Calculate the remainder when 1197633 is divided by 199551.
327
Calculate the remainder when 3189612 is divided by 1532.
1520
What is the remainder when 221495 is divided by 24562?
437
What is the remainder when 41844 is divided by 387?
48
What is the remainder when 8135108 is divided by 278?
272
What is the remainder when 80401047 is divided by 5783?
5781
What is the remainder when 4993854 is divided by 3611?
3452
Calculate the remainder when 1978168 is divided by 494539.
12
Calculate the remainder when 488316 is divided by 23.
3
Calculate the remainder when 1307189 is divided by 20109.
104
Calculate the remainder when 64635 is divided by 577.
11
Calculate the remainder when 32436462 is divided by 5230.
2
Calculate the remainder when 103632548 is divided by 25908133.
16
What is the remainder when 625726 is divided by 4257?
4204
What is the remainder when 144618 is divided by 602?
138
Calculate the remainder when 1750324 is divided by 11746.
170
What is the remainder when 8745775 is divided by 26?
25
Calculate the remainder when 18999 is divided by 1691.
398
What is the remainder when 4428040 is divided by 863?
850
What is the remainder when 221777 is divided by 6713?
248
What is the remainder when 132834 is divided by 2260?
1754
Calculate the remainder when 5790432 is divided by 35.
32
What is the remainder when 204680 is divided by 13636?
140
What is the remainder when 7026872 is divided by 638794?
138
What is the remainder when 25840769 is divided by 908?
905
What is the remainder when 2830189 is divided by 471692?
37
What is the remainder when 4730774 is divided by 530?
524
Calculate the remainder when 651034 is divided by 2473.
635
Calculate the remainder when 44657525 is divided by 531637.
17
What is the remainder when 8787467 is divided by 14?
3
Calculate the remainder when 72733 is divided by 17991.
769
What is the remainder when 30906138 is divided by 26?
16
Calculate the remainder when 3044367 is divided by 19515.
27
What is the remainder when 7498116 is divided by 919?
914
Calculate the remainder when 153987 is divided by 10170.
1437
What is the remainder when 185610 is divided by 649?
645
Calculate the remainder when 2453928 is divided by 1330.
78
Calculate the remainder when 527252 is divided by 28.
12
What is the remainder when 368456 is divided by 27509?
10839
What is the remainder when 12654221 is divided by 2083?
2079
Calculate the remainder when 44109 is divided by 10721.
1225
What is the remainder when 4059602 is divided by 19?
5
Calculate the remainder when 36514385 is divided by 4728.
41
Calculate the remainder when 125334 is divided by 16711.
8357
What is the remainder when 51624221 is divided by 10773?
5
Calculate the remainder when 3574742 is divided by 186.
8
What is the remainder when 769785 is divided by 9056?
25
What is the remainder when 31310502 is divided by 2198?
2190
Calculate the remainder when 52514 is divided by 10498.
24
What is the remainder when 9198207 is divided by 510?
357
Calculate the remainder when 3489986 is divided by 697989.
41
What is the remainder when 35679 is divided by 2416?
1855
What is the remainder when 135674 is divided by 1182?
926
Calculate the remainder when 9669582 is divided by 1349.
1299
Calculate the remainder when 3200598 is di